{"id":543,"date":"2025-11-06T15:08:37","date_gmt":"2025-11-06T14:08:37","guid":{"rendered":"https:\/\/coeurdesoignante.fr\/?post_type=product&#038;p=543"},"modified":"2026-03-23T11:59:37","modified_gmt":"2026-03-23T10:59:37","slug":"atelier-en-ligne-sur-les-pouvoirs-des-odeurs-sur-le-cerveau","status":"publish","type":"product","link":"https:\/\/coeurdesoignante.fr\/index.php\/produit\/atelier-en-ligne-sur-les-pouvoirs-des-odeurs-sur-le-cerveau\/","title":{"rendered":"Atelier en ligne sur les pouvoirs des odeurs sur le cerveau"},"content":{"rendered":"<p>[et_pb_section fb_built=\u00a0\u00bb1&Prime; _builder_version=\u00a0\u00bb3.22&Prime; custom_padding=\u00a0\u00bb0px||||false|false\u00a0\u00bb global_colors_info=\u00a0\u00bb{}\u00a0\u00bb][et_pb_row _builder_version=\u00a0\u00bb3.25&Prime; background_size=\u00a0\u00bbinitial\u00a0\u00bb background_position=\u00a0\u00bbtop_left\u00a0\u00bb background_repeat=\u00a0\u00bbrepeat\u00a0\u00bb width=\u00a0\u00bb100%\u00a0\u00bb custom_padding=\u00a0\u00bb0px||0px||false|false\u00a0\u00bb global_colors_info=\u00a0\u00bb{}\u00a0\u00bb][et_pb_column type=\u00a0\u00bb4_4&Prime; _builder_version=\u00a0\u00bb3.25&Prime; custom_padding=\u00a0\u00bb|||\u00a0\u00bb global_colors_info=\u00a0\u00bb{}\u00a0\u00bb custom_padding__hover=\u00a0\u00bb|||\u00a0\u00bb][et_pb_wc_breadcrumb _builder_version=\u00a0\u00bb3.0.47&Prime; global_colors_info=\u00a0\u00bb{}\u00a0\u00bb][\/et_pb_wc_breadcrumb][et_pb_wc_cart_notice global_colors_info=\u00a0\u00bb{}\u00a0\u00bb][\/et_pb_wc_cart_notice][\/et_pb_column][\/et_pb_row][et_pb_row _builder_version=\u00a0\u00bb3.25&Prime; background_size=\u00a0\u00bbinitial\u00a0\u00bb background_position=\u00a0\u00bbtop_left\u00a0\u00bb background_repeat=\u00a0\u00bbrepeat\u00a0\u00bb width=\u00a0\u00bb100%\u00a0\u00bb custom_padding=\u00a0\u00bb0px||||false|false\u00a0\u00bb global_colors_info=\u00a0\u00bb{}\u00a0\u00bb column_structure=\u00a0\u00bb1_2,1_2&Prime;][et_pb_column type=\u00a0\u00bb1_2&Prime; _builder_version=\u00a0\u00bb3.25&Prime; custom_padding=\u00a0\u00bb|||\u00a0\u00bb global_colors_info=\u00a0\u00bb{}\u00a0\u00bb custom_padding__hover=\u00a0\u00bb|||\u00a0\u00bb][et_pb_wc_images _builder_version=\u00a0\u00bb3.0.47&Prime; global_colors_info=\u00a0\u00bb{}\u00a0\u00bb][\/et_pb_wc_images][\/et_pb_column][et_pb_column type=\u00a0\u00bb1_2&Prime; _builder_version=\u00a0\u00bb3.25&Prime; custom_padding=\u00a0\u00bb|||\u00a0\u00bb global_colors_info=\u00a0\u00bb{}\u00a0\u00bb custom_padding__hover=\u00a0\u00bb|||\u00a0\u00bb][et_pb_wc_title _builder_version=\u00a0\u00bb3.0.47&Prime; global_colors_info=\u00a0\u00bb{}\u00a0\u00bb][\/et_pb_wc_title][et_pb_wc_rating _builder_version=\u00a0\u00bb3.0.47&Prime; global_colors_info=\u00a0\u00bb{}\u00a0\u00bb][\/et_pb_wc_rating][et_pb_wc_price _builder_version=\u00a0\u00bb3.0.47&Prime; global_colors_info=\u00a0\u00bb{}\u00a0\u00bb][\/et_pb_wc_price][et_pb_wc_description _builder_version=\u00a0\u00bb3.0.47&Prime; global_colors_info=\u00a0\u00bb{}\u00a0\u00bb][\/et_pb_wc_description][et_pb_wc_add_to_cart global_colors_info=\u00a0\u00bb{}\u00a0\u00bb][\/et_pb_wc_add_to_cart][et_pb_wc_meta _builder_version=\u00a0\u00bb3.0.47&Prime; global_colors_info=\u00a0\u00bb{}\u00a0\u00bb][\/et_pb_wc_meta][\/et_pb_column][\/et_pb_row][et_pb_row _builder_version=\u00a0\u00bb3.25&Prime; background_size=\u00a0\u00bbinitial\u00a0\u00bb background_position=\u00a0\u00bbtop_left\u00a0\u00bb background_repeat=\u00a0\u00bbrepeat\u00a0\u00bb width=\u00a0\u00bb100%\u00a0\u00bb global_colors_info=\u00a0\u00bb{}\u00a0\u00bb][et_pb_column type=\u00a0\u00bb4_4&Prime; _builder_version=\u00a0\u00bb3.25&Prime; custom_padding=\u00a0\u00bb|||\u00a0\u00bb global_colors_info=\u00a0\u00bb{}\u00a0\u00bb custom_padding__hover=\u00a0\u00bb|||\u00a0\u00bb][et_pb_wc_tabs _builder_version=\u00a0\u00bb3.0.47&Prime; global_colors_info=\u00a0\u00bb{}\u00a0\u00bb]\t\t\t\t\t[\/et_pb_wc_tabs][et_pb_wc_upsells _builder_version=\u00a0\u00bb3.0.47&Prime; global_colors_info=\u00a0\u00bb{}\u00a0\u00bb][\/et_pb_wc_upsells][et_pb_wc_related_products _builder_version=\u00a0\u00bb3.0.47&Prime; global_colors_info=\u00a0\u00bb{}\u00a0\u00bb][\/et_pb_wc_related_products][\/et_pb_column][\/et_pb_row][\/et_pb_section]<\/p>\n","protected":false},"excerpt":{"rendered":"<p>Cet atelier en ligne est \u00e0 destination des personnes qui d\u00e9sirent en savoir plus sur les huiles essentielles et leur utilisation, pour leur c\u00f4t\u00e9 \u00e9motionnel,<\/p>\n<p>Lors de cet atelier en ligne vous d\u00e9couvrirez que selon leur cat\u00e9gorie elles ne vous apporteront pas les m\u00eames b\u00e9n\u00e9fices, selon que vous cherchez \u00e0 am\u00e9liorer votre sommeil, ou votre concentration, votre ancrage ou bien de la joie \ud83c\udf4b<\/p>\n<p>J&rsquo;aime particuli\u00e8rement travailler avec les huiles essentielles par l&rsquo;odorat, c&rsquo;est le moyen le plus doux de les appr\u00e9hender.<\/p>\n<p>Je vous transmettrai mes trucs astuces et protocoles \u00e0 mettre en place tr\u00e8s facilement.<\/p>\n<ul>\n<li>Atelier de 45 minutes<\/li>\n<li>En visio (le lien de connexion est envoy\u00e9 en amont)<\/li>\n<li>Prendre RDV au 06 82 27 37 03<\/li>\n<\/ul>\n<p>&nbsp;<\/p>\n","protected":false},"featured_media":544,"comment_status":"open","ping_status":"closed","template":"","meta":{"_et_pb_use_builder":"on","_et_pb_old_content":"<blockquote>\r\n<h3><strong>D\u00e9couvrez les pouvoirs des odeurs sur le cerveau avec cet atelier en ligne<\/strong><\/h3>\r\n<\/blockquote>\r\nLors de cet atelier individuel pour d\u00e9couvrirez le fonctionnement du cerveau avec quelques notions de neurosciences.\r\n\r\nUn atelier pour connaitre et reconnaitre les diff\u00e9rentes cat\u00e9gories d'huiles essentielles\r\n\r\nContenu de la s\u00e9ance:\r\n\r\n\ud83c\udf3f Partie neurosciences: On balaie la physiologie du cerveau\r\n\r\n\ud83c\udf3fLes diff\u00e9rentes cat\u00e9gories d'huiles essentielles\r\n\r\n\ud83c\udf3fPourquoi les odeurs ont un r\u00e9el impact sur notre cerveau \u00e9motionnel\r\n\r\n\ud83c\udf3fComment utiliser les huiles essentielles en olfaction\r\n\r\n\ud83c\udf3fO\u00f9 trouver les huiles essentielles de bonne qualit\u00e9\r\n\r\n\ud83c\udf3fEt on termine par les questions\/R\u00e9ponses\r\n\r\nPrendre rdv par t\u00e9l\u00e9phone uniquement 06 82 27 37 03\r\n\r\n------------------------------------------------------------------------------------------------------------------------------------------\r\n\r\nVous aimerez peut-\u00eatre ce rituel sur le sommeil\u00a0<a href=\"https:\/\/south-brake-729.notion.site\/SOMMEIL-DE-REVE-1c160775966a80f587acd63b4e4a5067?source=copy_link\" target=\"_blank\" rel=\"noopener\">\"Rituel Sommeil de r\u00eave\"<\/a> - Un protocole 100% Offert \ud83c\udf19\r\n\r\n------------------------------------------------------------------------------------------------------------------------------------------\r\n\r\nVous souhaitez offrir cet atelier \ud83d\udc8c\r\n\r\n<a href=\"https:\/\/coeurdesoignante.fr\/index.php\/produit\/carte-cadeau-atelier-en-ligne-les-pouvoirs-des-odeurs-sur-le-cerveau\/\">Carte cadeau \"Atelier le pouvoir des odeurs\"<\/a>\r\n\r\n&nbsp;\r\n\r\n&nbsp;\r\n\r\n&nbsp;","_et_gb_content_width":""},"product_brand":[],"product_cat":[23],"product_tag":[],"class_list":{"0":"post-543","1":"product","2":"type-product","3":"status-publish","4":"has-post-thumbnail","6":"product_cat-non-classe","8":"first","9":"instock","10":"virtual","11":"purchasable","12":"product-type-simple"},"yoast_head":"<!-- This site is optimized with the Yoast SEO plugin v27.2 - https:\/\/yoast.com\/product\/yoast-seo-wordpress\/ -->\n<title>Atelier en ligne sur les pouvoirs des odeurs sur le cerveau - Coeur de soignante<\/title>\n<meta name=\"description\" content=\"Atelier en ligne sur les pouvoirs des odeurs sur le cerveau, atelier individuel de 45 minutes ludique et p\u00e9dagogique pour apprendre et comprendre\" \/>\n<meta name=\"robots\" content=\"index, follow, max-snippet:-1, max-image-preview:large, max-video-preview:-1\" \/>\n<link rel=\"canonical\" href=\"https:\/\/coeurdesoignante.fr\/index.php\/produit\/atelier-en-ligne-sur-les-pouvoirs-des-odeurs-sur-le-cerveau\/\" \/>\n<meta property=\"og:locale\" content=\"fr_FR\" \/>\n<meta property=\"og:type\" content=\"article\" \/>\n<meta property=\"og:title\" content=\"Atelier en ligne sur les pouvoirs des odeurs sur le cerveau - Coeur de soignante\" \/>\n<meta property=\"og:description\" content=\"Atelier en ligne sur les pouvoirs des odeurs sur le cerveau, atelier individuel de 45 minutes ludique et p\u00e9dagogique pour apprendre et comprendre\" \/>\n<meta property=\"og:url\" content=\"https:\/\/coeurdesoignante.fr\/index.php\/produit\/atelier-en-ligne-sur-les-pouvoirs-des-odeurs-sur-le-cerveau\/\" \/>\n<meta property=\"og:site_name\" content=\"Coeur de soignante\" \/>\n<meta property=\"article:modified_time\" content=\"2026-03-23T10:59:37+00:00\" \/>\n<meta property=\"og:image\" content=\"https:\/\/coeurdesoignante.fr\/wp-content\/uploads\/2025\/11\/Coquelicots-1024x1024.png\" \/>\n\t<meta property=\"og:image:width\" content=\"1024\" \/>\n\t<meta property=\"og:image:height\" content=\"1024\" \/>\n\t<meta property=\"og:image:type\" content=\"image\/png\" \/>\n<meta name=\"twitter:card\" content=\"summary_large_image\" \/>\n<meta name=\"twitter:label1\" content=\"Dur\u00e9e de lecture estim\u00e9e\" \/>\n\t<meta name=\"twitter:data1\" content=\"2 minutes\" \/>\n<script type=\"application\/ld+json\" class=\"yoast-schema-graph\">{\"@context\":\"https:\/\/schema.org\",\"@graph\":[{\"@type\":\"WebPage\",\"@id\":\"https:\/\/coeurdesoignante.fr\/index.php\/produit\/atelier-en-ligne-sur-les-pouvoirs-des-odeurs-sur-le-cerveau\/\",\"url\":\"https:\/\/coeurdesoignante.fr\/index.php\/produit\/atelier-en-ligne-sur-les-pouvoirs-des-odeurs-sur-le-cerveau\/\",\"name\":\"Atelier en ligne sur les pouvoirs des odeurs sur le cerveau - Coeur de soignante\",\"isPartOf\":{\"@id\":\"https:\/\/coeurdesoignante.fr\/#website\"},\"primaryImageOfPage\":{\"@id\":\"https:\/\/coeurdesoignante.fr\/index.php\/produit\/atelier-en-ligne-sur-les-pouvoirs-des-odeurs-sur-le-cerveau\/#primaryimage\"},\"image\":{\"@id\":\"https:\/\/coeurdesoignante.fr\/index.php\/produit\/atelier-en-ligne-sur-les-pouvoirs-des-odeurs-sur-le-cerveau\/#primaryimage\"},\"thumbnailUrl\":\"https:\/\/coeurdesoignante.fr\/wp-content\/uploads\/2025\/11\/Coquelicots.png\",\"datePublished\":\"2025-11-06T14:08:37+00:00\",\"dateModified\":\"2026-03-23T10:59:37+00:00\",\"description\":\"Atelier en ligne sur les pouvoirs des odeurs sur le cerveau, atelier individuel de 45 minutes ludique et p\u00e9dagogique pour apprendre et comprendre\",\"breadcrumb\":{\"@id\":\"https:\/\/coeurdesoignante.fr\/index.php\/produit\/atelier-en-ligne-sur-les-pouvoirs-des-odeurs-sur-le-cerveau\/#breadcrumb\"},\"inLanguage\":\"fr-FR\",\"potentialAction\":[{\"@type\":\"ReadAction\",\"target\":[\"https:\/\/coeurdesoignante.fr\/index.php\/produit\/atelier-en-ligne-sur-les-pouvoirs-des-odeurs-sur-le-cerveau\/\"]}]},{\"@type\":\"ImageObject\",\"inLanguage\":\"fr-FR\",\"@id\":\"https:\/\/coeurdesoignante.fr\/index.php\/produit\/atelier-en-ligne-sur-les-pouvoirs-des-odeurs-sur-le-cerveau\/#primaryimage\",\"url\":\"https:\/\/coeurdesoignante.fr\/wp-content\/uploads\/2025\/11\/Coquelicots.png\",\"contentUrl\":\"https:\/\/coeurdesoignante.fr\/wp-content\/uploads\/2025\/11\/Coquelicots.png\",\"width\":2000,\"height\":2000,\"caption\":\"Atelier en ligne\"},{\"@type\":\"BreadcrumbList\",\"@id\":\"https:\/\/coeurdesoignante.fr\/index.php\/produit\/atelier-en-ligne-sur-les-pouvoirs-des-odeurs-sur-le-cerveau\/#breadcrumb\",\"itemListElement\":[{\"@type\":\"ListItem\",\"position\":1,\"name\":\"Accueil\",\"item\":\"https:\/\/coeurdesoignante.fr\/\"},{\"@type\":\"ListItem\",\"position\":2,\"name\":\"Boutique\",\"item\":\"https:\/\/coeurdesoignante.fr\/index.php\/boutique\/\"},{\"@type\":\"ListItem\",\"position\":3,\"name\":\"Atelier en ligne sur les pouvoirs des odeurs sur le cerveau\"}]},{\"@type\":\"WebSite\",\"@id\":\"https:\/\/coeurdesoignante.fr\/#website\",\"url\":\"https:\/\/coeurdesoignante.fr\/\",\"name\":\"Coeur de soignante\",\"description\":\"Mets KO ton stress\",\"potentialAction\":[{\"@type\":\"SearchAction\",\"target\":{\"@type\":\"EntryPoint\",\"urlTemplate\":\"https:\/\/coeurdesoignante.fr\/?s={search_term_string}\"},\"query-input\":{\"@type\":\"PropertyValueSpecification\",\"valueRequired\":true,\"valueName\":\"search_term_string\"}}],\"inLanguage\":\"fr-FR\"}]}<\/script>\n<!-- \/ Yoast SEO plugin. -->","yoast_head_json":{"title":"Atelier en ligne sur les pouvoirs des odeurs sur le cerveau - Coeur de soignante","description":"Atelier en ligne sur les pouvoirs des odeurs sur le cerveau, atelier individuel de 45 minutes ludique et p\u00e9dagogique pour apprendre et comprendre","robots":{"index":"index","follow":"follow","max-snippet":"max-snippet:-1","max-image-preview":"max-image-preview:large","max-video-preview":"max-video-preview:-1"},"canonical":"https:\/\/coeurdesoignante.fr\/index.php\/produit\/atelier-en-ligne-sur-les-pouvoirs-des-odeurs-sur-le-cerveau\/","og_locale":"fr_FR","og_type":"article","og_title":"Atelier en ligne sur les pouvoirs des odeurs sur le cerveau - Coeur de soignante","og_description":"Atelier en ligne sur les pouvoirs des odeurs sur le cerveau, atelier individuel de 45 minutes ludique et p\u00e9dagogique pour apprendre et comprendre","og_url":"https:\/\/coeurdesoignante.fr\/index.php\/produit\/atelier-en-ligne-sur-les-pouvoirs-des-odeurs-sur-le-cerveau\/","og_site_name":"Coeur de soignante","article_modified_time":"2026-03-23T10:59:37+00:00","og_image":[{"width":1024,"height":1024,"url":"https:\/\/coeurdesoignante.fr\/wp-content\/uploads\/2025\/11\/Coquelicots-1024x1024.png","type":"image\/png"}],"twitter_card":"summary_large_image","twitter_misc":{"Dur\u00e9e de lecture estim\u00e9e":"2 minutes"},"schema":{"@context":"https:\/\/schema.org","@graph":[{"@type":"WebPage","@id":"https:\/\/coeurdesoignante.fr\/index.php\/produit\/atelier-en-ligne-sur-les-pouvoirs-des-odeurs-sur-le-cerveau\/","url":"https:\/\/coeurdesoignante.fr\/index.php\/produit\/atelier-en-ligne-sur-les-pouvoirs-des-odeurs-sur-le-cerveau\/","name":"Atelier en ligne sur les pouvoirs des odeurs sur le cerveau - Coeur de soignante","isPartOf":{"@id":"https:\/\/coeurdesoignante.fr\/#website"},"primaryImageOfPage":{"@id":"https:\/\/coeurdesoignante.fr\/index.php\/produit\/atelier-en-ligne-sur-les-pouvoirs-des-odeurs-sur-le-cerveau\/#primaryimage"},"image":{"@id":"https:\/\/coeurdesoignante.fr\/index.php\/produit\/atelier-en-ligne-sur-les-pouvoirs-des-odeurs-sur-le-cerveau\/#primaryimage"},"thumbnailUrl":"https:\/\/coeurdesoignante.fr\/wp-content\/uploads\/2025\/11\/Coquelicots.png","datePublished":"2025-11-06T14:08:37+00:00","dateModified":"2026-03-23T10:59:37+00:00","description":"Atelier en ligne sur les pouvoirs des odeurs sur le cerveau, atelier individuel de 45 minutes ludique et p\u00e9dagogique pour apprendre et comprendre","breadcrumb":{"@id":"https:\/\/coeurdesoignante.fr\/index.php\/produit\/atelier-en-ligne-sur-les-pouvoirs-des-odeurs-sur-le-cerveau\/#breadcrumb"},"inLanguage":"fr-FR","potentialAction":[{"@type":"ReadAction","target":["https:\/\/coeurdesoignante.fr\/index.php\/produit\/atelier-en-ligne-sur-les-pouvoirs-des-odeurs-sur-le-cerveau\/"]}]},{"@type":"ImageObject","inLanguage":"fr-FR","@id":"https:\/\/coeurdesoignante.fr\/index.php\/produit\/atelier-en-ligne-sur-les-pouvoirs-des-odeurs-sur-le-cerveau\/#primaryimage","url":"https:\/\/coeurdesoignante.fr\/wp-content\/uploads\/2025\/11\/Coquelicots.png","contentUrl":"https:\/\/coeurdesoignante.fr\/wp-content\/uploads\/2025\/11\/Coquelicots.png","width":2000,"height":2000,"caption":"Atelier en ligne"},{"@type":"BreadcrumbList","@id":"https:\/\/coeurdesoignante.fr\/index.php\/produit\/atelier-en-ligne-sur-les-pouvoirs-des-odeurs-sur-le-cerveau\/#breadcrumb","itemListElement":[{"@type":"ListItem","position":1,"name":"Accueil","item":"https:\/\/coeurdesoignante.fr\/"},{"@type":"ListItem","position":2,"name":"Boutique","item":"https:\/\/coeurdesoignante.fr\/index.php\/boutique\/"},{"@type":"ListItem","position":3,"name":"Atelier en ligne sur les pouvoirs des odeurs sur le cerveau"}]},{"@type":"WebSite","@id":"https:\/\/coeurdesoignante.fr\/#website","url":"https:\/\/coeurdesoignante.fr\/","name":"Coeur de soignante","description":"Mets KO ton stress","potentialAction":[{"@type":"SearchAction","target":{"@type":"EntryPoint","urlTemplate":"https:\/\/coeurdesoignante.fr\/?s={search_term_string}"},"query-input":{"@type":"PropertyValueSpecification","valueRequired":true,"valueName":"search_term_string"}}],"inLanguage":"fr-FR"}]}},"_links":{"self":[{"href":"https:\/\/coeurdesoignante.fr\/index.php\/wp-json\/wp\/v2\/product\/543","targetHints":{"allow":["GET"]}}],"collection":[{"href":"https:\/\/coeurdesoignante.fr\/index.php\/wp-json\/wp\/v2\/product"}],"about":[{"href":"https:\/\/coeurdesoignante.fr\/index.php\/wp-json\/wp\/v2\/types\/product"}],"replies":[{"embeddable":true,"href":"https:\/\/coeurdesoignante.fr\/index.php\/wp-json\/wp\/v2\/comments?post=543"}],"wp:featuredmedia":[{"embeddable":true,"href":"https:\/\/coeurdesoignante.fr\/index.php\/wp-json\/wp\/v2\/media\/544"}],"wp:attachment":[{"href":"https:\/\/coeurdesoignante.fr\/index.php\/wp-json\/wp\/v2\/media?parent=543"}],"wp:term":[{"taxonomy":"product_brand","embeddable":true,"href":"https:\/\/coeurdesoignante.fr\/index.php\/wp-json\/wp\/v2\/product_brand?post=543"},{"taxonomy":"product_cat","embeddable":true,"href":"https:\/\/coeurdesoignante.fr\/index.php\/wp-json\/wp\/v2\/product_cat?post=543"},{"taxonomy":"product_tag","embeddable":true,"href":"https:\/\/coeurdesoignante.fr\/index.php\/wp-json\/wp\/v2\/product_tag?post=543"}],"curies":[{"name":"wp","href":"https:\/\/api.w.org\/{rel}","templated":true}]}}