{"id":440,"date":"2025-05-16T09:01:06","date_gmt":"2025-05-16T07:01:06","guid":{"rendered":"https:\/\/coeurdesoignante.fr\/?post_type=product&#038;p=440"},"modified":"2025-05-16T09:01:07","modified_gmt":"2025-05-16T07:01:07","slug":"rituel-sommeil-de-reve","status":"publish","type":"product","link":"https:\/\/coeurdesoignante.fr\/index.php\/produit\/rituel-sommeil-de-reve\/","title":{"rendered":"Rituel sommeil de r\u00eave"},"content":{"rendered":"<ul>\n<li>Vous avez des insomnies passag\u00e8res?<\/li>\n<li>Votre cerveau tourn\u00e9e en boucle?<\/li>\n<li>Vous \u00eatre entr\u00e9e dans un cercle qui vous emp\u00eache d&rsquo;\u00eatre serine \u00e0 l&rsquo;id\u00e9e de vous coucher?<\/li>\n<\/ul>\n<blockquote><p>Le rituel sommeil de r\u00eave ce sont des conseils simples \u00e0 mettre en place rapidement pour r\u00e9ussir \u00e0 s&rsquo;endormir rapidement,<\/p><\/blockquote>\n","protected":false},"excerpt":{"rendered":"<p>Vous avez des insomnies passag\u00e8res? Votre cerveau tourn\u00e9e en boucle? Vous \u00eatre entr\u00e9e dans un cercle qui vous emp\u00eache d&rsquo;\u00eatre serine \u00e0 l&rsquo;id\u00e9e de vous coucher? Le rituel sommeil de r\u00eave ce sont des conseils simples \u00e0 mettre en place rapidement pour r\u00e9ussir \u00e0 s&rsquo;endormir rapidement,<\/p>\n","protected":false},"featured_media":105,"comment_status":"open","ping_status":"closed","template":"","meta":{"_et_pb_use_builder":"","_et_pb_old_content":"","_et_gb_content_width":""},"product_brand":[],"product_cat":[23],"product_tag":[],"class_list":{"0":"post-440","1":"product","2":"type-product","3":"status-publish","4":"has-post-thumbnail","6":"product_cat-non-classe","8":"first","9":"instock","10":"downloadable","11":"virtual","12":"purchasable","13":"product-type-simple"},"yoast_head":"<!-- This site is optimized with the Yoast SEO plugin v27.2 - https:\/\/yoast.com\/product\/yoast-seo-wordpress\/ -->\n<title>Rituel sommeil de r\u00eave - Coeur de soignante rituel sommeil de r\u00eave<\/title>\n<meta name=\"description\" content=\"Rituel pour un sommeil de r\u00eave \u00e0 mettre en place tr\u00e8s simplement, des conseils que j&#039;ai moi-m\u00eame appliqu\u00e9, et que j&#039;ai envie de partager\" \/>\n<meta name=\"robots\" content=\"index, follow, max-snippet:-1, max-image-preview:large, max-video-preview:-1\" \/>\n<link rel=\"canonical\" href=\"https:\/\/coeurdesoignante.fr\/index.php\/produit\/rituel-sommeil-de-reve\/\" \/>\n<meta property=\"og:locale\" content=\"fr_FR\" \/>\n<meta property=\"og:type\" content=\"article\" \/>\n<meta property=\"og:title\" content=\"Rituel sommeil de r\u00eave - Coeur de soignante rituel sommeil de r\u00eave\" \/>\n<meta property=\"og:description\" content=\"Rituel pour un sommeil de r\u00eave \u00e0 mettre en place tr\u00e8s simplement, des conseils que j&#039;ai moi-m\u00eame appliqu\u00e9, et que j&#039;ai envie de partager\" \/>\n<meta property=\"og:url\" content=\"https:\/\/coeurdesoignante.fr\/index.php\/produit\/rituel-sommeil-de-reve\/\" \/>\n<meta property=\"og:site_name\" content=\"Coeur de soignante\" \/>\n<meta property=\"article:modified_time\" content=\"2025-05-16T07:01:07+00:00\" \/>\n<meta property=\"og:image\" content=\"https:\/\/coeurdesoignante.fr\/wp-content\/uploads\/2025\/04\/pexels-photo-3807760.webp\" \/>\n\t<meta property=\"og:image:width\" content=\"1072\" \/>\n\t<meta property=\"og:image:height\" content=\"750\" \/>\n\t<meta property=\"og:image:type\" content=\"image\/webp\" \/>\n<meta name=\"twitter:card\" content=\"summary_large_image\" \/>\n<meta name=\"twitter:label1\" content=\"Dur\u00e9e de lecture estim\u00e9e\" \/>\n\t<meta name=\"twitter:data1\" content=\"1 minute\" \/>\n<script type=\"application\/ld+json\" class=\"yoast-schema-graph\">{\"@context\":\"https:\/\/schema.org\",\"@graph\":[{\"@type\":\"WebPage\",\"@id\":\"https:\/\/coeurdesoignante.fr\/index.php\/produit\/rituel-sommeil-de-reve\/\",\"url\":\"https:\/\/coeurdesoignante.fr\/index.php\/produit\/rituel-sommeil-de-reve\/\",\"name\":\"Rituel sommeil de r\u00eave - Coeur de soignante rituel sommeil de r\u00eave\",\"isPartOf\":{\"@id\":\"https:\/\/coeurdesoignante.fr\/#website\"},\"primaryImageOfPage\":{\"@id\":\"https:\/\/coeurdesoignante.fr\/index.php\/produit\/rituel-sommeil-de-reve\/#primaryimage\"},\"image\":{\"@id\":\"https:\/\/coeurdesoignante.fr\/index.php\/produit\/rituel-sommeil-de-reve\/#primaryimage\"},\"thumbnailUrl\":\"https:\/\/coeurdesoignante.fr\/wp-content\/uploads\/2025\/04\/pexels-photo-3807760.webp\",\"datePublished\":\"2025-05-16T07:01:06+00:00\",\"dateModified\":\"2025-05-16T07:01:07+00:00\",\"description\":\"Rituel pour un sommeil de r\u00eave \u00e0 mettre en place tr\u00e8s simplement, des conseils que j'ai moi-m\u00eame appliqu\u00e9, et que j'ai envie de partager\",\"breadcrumb\":{\"@id\":\"https:\/\/coeurdesoignante.fr\/index.php\/produit\/rituel-sommeil-de-reve\/#breadcrumb\"},\"inLanguage\":\"fr-FR\",\"potentialAction\":[{\"@type\":\"ReadAction\",\"target\":[\"https:\/\/coeurdesoignante.fr\/index.php\/produit\/rituel-sommeil-de-reve\/\"]}]},{\"@type\":\"ImageObject\",\"inLanguage\":\"fr-FR\",\"@id\":\"https:\/\/coeurdesoignante.fr\/index.php\/produit\/rituel-sommeil-de-reve\/#primaryimage\",\"url\":\"https:\/\/coeurdesoignante.fr\/wp-content\/uploads\/2025\/04\/pexels-photo-3807760.webp\",\"contentUrl\":\"https:\/\/coeurdesoignante.fr\/wp-content\/uploads\/2025\/04\/pexels-photo-3807760.webp\",\"width\":1072,\"height\":750},{\"@type\":\"BreadcrumbList\",\"@id\":\"https:\/\/coeurdesoignante.fr\/index.php\/produit\/rituel-sommeil-de-reve\/#breadcrumb\",\"itemListElement\":[{\"@type\":\"ListItem\",\"position\":1,\"name\":\"Accueil\",\"item\":\"https:\/\/coeurdesoignante.fr\/\"},{\"@type\":\"ListItem\",\"position\":2,\"name\":\"Boutique\",\"item\":\"https:\/\/coeurdesoignante.fr\/index.php\/boutique\/\"},{\"@type\":\"ListItem\",\"position\":3,\"name\":\"Rituel sommeil de r\u00eave\"}]},{\"@type\":\"WebSite\",\"@id\":\"https:\/\/coeurdesoignante.fr\/#website\",\"url\":\"https:\/\/coeurdesoignante.fr\/\",\"name\":\"Coeur de soignante\",\"description\":\"Mets KO ton stress\",\"potentialAction\":[{\"@type\":\"SearchAction\",\"target\":{\"@type\":\"EntryPoint\",\"urlTemplate\":\"https:\/\/coeurdesoignante.fr\/?s={search_term_string}\"},\"query-input\":{\"@type\":\"PropertyValueSpecification\",\"valueRequired\":true,\"valueName\":\"search_term_string\"}}],\"inLanguage\":\"fr-FR\"}]}<\/script>\n<!-- \/ Yoast SEO plugin. -->","yoast_head_json":{"title":"Rituel sommeil de r\u00eave - Coeur de soignante rituel sommeil de r\u00eave","description":"Rituel pour un sommeil de r\u00eave \u00e0 mettre en place tr\u00e8s simplement, des conseils que j'ai moi-m\u00eame appliqu\u00e9, et que j'ai envie de partager","robots":{"index":"index","follow":"follow","max-snippet":"max-snippet:-1","max-image-preview":"max-image-preview:large","max-video-preview":"max-video-preview:-1"},"canonical":"https:\/\/coeurdesoignante.fr\/index.php\/produit\/rituel-sommeil-de-reve\/","og_locale":"fr_FR","og_type":"article","og_title":"Rituel sommeil de r\u00eave - Coeur de soignante rituel sommeil de r\u00eave","og_description":"Rituel pour un sommeil de r\u00eave \u00e0 mettre en place tr\u00e8s simplement, des conseils que j'ai moi-m\u00eame appliqu\u00e9, et que j'ai envie de partager","og_url":"https:\/\/coeurdesoignante.fr\/index.php\/produit\/rituel-sommeil-de-reve\/","og_site_name":"Coeur de soignante","article_modified_time":"2025-05-16T07:01:07+00:00","og_image":[{"width":1072,"height":750,"url":"https:\/\/coeurdesoignante.fr\/wp-content\/uploads\/2025\/04\/pexels-photo-3807760.webp","type":"image\/webp"}],"twitter_card":"summary_large_image","twitter_misc":{"Dur\u00e9e de lecture estim\u00e9e":"1 minute"},"schema":{"@context":"https:\/\/schema.org","@graph":[{"@type":"WebPage","@id":"https:\/\/coeurdesoignante.fr\/index.php\/produit\/rituel-sommeil-de-reve\/","url":"https:\/\/coeurdesoignante.fr\/index.php\/produit\/rituel-sommeil-de-reve\/","name":"Rituel sommeil de r\u00eave - Coeur de soignante rituel sommeil de r\u00eave","isPartOf":{"@id":"https:\/\/coeurdesoignante.fr\/#website"},"primaryImageOfPage":{"@id":"https:\/\/coeurdesoignante.fr\/index.php\/produit\/rituel-sommeil-de-reve\/#primaryimage"},"image":{"@id":"https:\/\/coeurdesoignante.fr\/index.php\/produit\/rituel-sommeil-de-reve\/#primaryimage"},"thumbnailUrl":"https:\/\/coeurdesoignante.fr\/wp-content\/uploads\/2025\/04\/pexels-photo-3807760.webp","datePublished":"2025-05-16T07:01:06+00:00","dateModified":"2025-05-16T07:01:07+00:00","description":"Rituel pour un sommeil de r\u00eave \u00e0 mettre en place tr\u00e8s simplement, des conseils que j'ai moi-m\u00eame appliqu\u00e9, et que j'ai envie de partager","breadcrumb":{"@id":"https:\/\/coeurdesoignante.fr\/index.php\/produit\/rituel-sommeil-de-reve\/#breadcrumb"},"inLanguage":"fr-FR","potentialAction":[{"@type":"ReadAction","target":["https:\/\/coeurdesoignante.fr\/index.php\/produit\/rituel-sommeil-de-reve\/"]}]},{"@type":"ImageObject","inLanguage":"fr-FR","@id":"https:\/\/coeurdesoignante.fr\/index.php\/produit\/rituel-sommeil-de-reve\/#primaryimage","url":"https:\/\/coeurdesoignante.fr\/wp-content\/uploads\/2025\/04\/pexels-photo-3807760.webp","contentUrl":"https:\/\/coeurdesoignante.fr\/wp-content\/uploads\/2025\/04\/pexels-photo-3807760.webp","width":1072,"height":750},{"@type":"BreadcrumbList","@id":"https:\/\/coeurdesoignante.fr\/index.php\/produit\/rituel-sommeil-de-reve\/#breadcrumb","itemListElement":[{"@type":"ListItem","position":1,"name":"Accueil","item":"https:\/\/coeurdesoignante.fr\/"},{"@type":"ListItem","position":2,"name":"Boutique","item":"https:\/\/coeurdesoignante.fr\/index.php\/boutique\/"},{"@type":"ListItem","position":3,"name":"Rituel sommeil de r\u00eave"}]},{"@type":"WebSite","@id":"https:\/\/coeurdesoignante.fr\/#website","url":"https:\/\/coeurdesoignante.fr\/","name":"Coeur de soignante","description":"Mets KO ton stress","potentialAction":[{"@type":"SearchAction","target":{"@type":"EntryPoint","urlTemplate":"https:\/\/coeurdesoignante.fr\/?s={search_term_string}"},"query-input":{"@type":"PropertyValueSpecification","valueRequired":true,"valueName":"search_term_string"}}],"inLanguage":"fr-FR"}]}},"_links":{"self":[{"href":"https:\/\/coeurdesoignante.fr\/index.php\/wp-json\/wp\/v2\/product\/440","targetHints":{"allow":["GET"]}}],"collection":[{"href":"https:\/\/coeurdesoignante.fr\/index.php\/wp-json\/wp\/v2\/product"}],"about":[{"href":"https:\/\/coeurdesoignante.fr\/index.php\/wp-json\/wp\/v2\/types\/product"}],"replies":[{"embeddable":true,"href":"https:\/\/coeurdesoignante.fr\/index.php\/wp-json\/wp\/v2\/comments?post=440"}],"wp:featuredmedia":[{"embeddable":true,"href":"https:\/\/coeurdesoignante.fr\/index.php\/wp-json\/wp\/v2\/media\/105"}],"wp:attachment":[{"href":"https:\/\/coeurdesoignante.fr\/index.php\/wp-json\/wp\/v2\/media?parent=440"}],"wp:term":[{"taxonomy":"product_brand","embeddable":true,"href":"https:\/\/coeurdesoignante.fr\/index.php\/wp-json\/wp\/v2\/product_brand?post=440"},{"taxonomy":"product_cat","embeddable":true,"href":"https:\/\/coeurdesoignante.fr\/index.php\/wp-json\/wp\/v2\/product_cat?post=440"},{"taxonomy":"product_tag","embeddable":true,"href":"https:\/\/coeurdesoignante.fr\/index.php\/wp-json\/wp\/v2\/product_tag?post=440"}],"curies":[{"name":"wp","href":"https:\/\/api.w.org\/{rel}","templated":true}]}}